 What is the highest common divisor of s and d?
31
Let h = -8 - -20. Let m = 13 - h. Calculate the highest common factor of m and 3.
1
Suppose c - 42 = -5*a, -4*a - a - 3*c + 36 = 0. Calculate the highest common factor of 6 and a.
3
Let k be (2 - -2) + 285 - 3. What is the greatest common divisor of 26 and k?
26
Suppose 0*y = -2*y + 72. Suppose -120 = -2*t - 3*t. What is the highest common factor of y and t?
12
Let v(f) = -22*f**3 - f**2 - 2*f - 2. Let l be v(-1). Let d = 52 + -31. Let u = d + -14. Calculate the highest common divisor of u and l.
7
Let k(r) = r + 6. Let c be k(5). Suppose -4*x + c = -3*u, 0 = -5*x + 2*u - 7*u + 5. Suppose -4*t = -x*t - 14. Calculate the greatest common divisor of 77 and t.
7
Suppose 5*p = -3*d + 3180, -4*p = -2*p + 5*d - 1272. Let s be p/20 + (-2)/(-10). Suppose 0 = -z + s + 40. Calculate the greatest common divisor of z and 8.
8
Let x(h) = h**2 + 5*h - 4. Let o be x(-6). Suppose -o = -m - 4. Let b be (10 - 1) + 1*m. Calculate the highest common factor of b and 42.
7
Let z be (88/(-6))/(4/(-18)). Let i be 12/z + (-394)/(-11). Calculate the highest common divisor of i and 12.
12
Let g(d) = 8*d**2 + 4*d - 6. Let v be g(3). Calculate the greatest common divisor of v and 13.
13
Suppose 0 = 3*w + 5*h - 34, 6*w - 3*w = -4*h + 35. Calculate the highest common factor of 91 and w.
13
Let p(c) = c + 1. Let g be p(6). Let a = 1 + g. Let r = -1 + a. What is the greatest common factor of r and 56?
7
Let t(p) = -4*p + 2. Let m be t(-7). What is the greatest common divisor of 10 and m?
10
Let m = -58 + 97. Calculate the greatest common factor of 26 and m.
13
Let x = 31 + -33. Let b = 16 - x. Let m be (-2 + (-158)/(-7))*7. What is the highest common factor of m and b?
18
Let i = -1 + 4. Suppose g = 2*g - i. Let v be ((-24)/9 + g)*27. Calculate the highest common divisor of v and 6.
3
Let z = 16 - -2. Suppose v = -1, 4*g + 3*v + 5 = z. What is the greatest common divisor of g and 28?
4
Suppose -2*z - z = -r - 32, 2*r - 5*z + 66 = 0. Let c = 23 + r. Let d be (1*c)/((-33)/22). What is the highest common divisor of 2 and d?
2
Let h(f) = -2*f - 7. Let y be h(-5). Suppose 25 = -7*a + 214. What is the highest common factor of y and a?
3
Suppose 0 = -4*w + 13*w - 432. Calculate the highest common factor of 12 and w.
12
Suppose -75 = -7*d + 2*d. Calculate the highest common divisor of d and 165.
15
Suppose -r + 2 = 0, 2*t + 0*r + 2*r = -12. Let p be 18/(t/(16/(-4))). Calculate the greatest common divisor of 72 and p.
9
Suppose 0 = 3*s - 46 - 50. Suppose -5 = -o - 1. What is the highest common factor of o and s?
4
Let q = -7 - -11. Suppose 4 + 4 = -q*l. Let s be l/12 - 121/(-6). What is the greatest common divisor of 20 and s?
20
Suppose 3*r + 258 = 3*c, 9*r + 10 = 4*r. Calculate the highest common factor of 56 and c.
28
Let f = -58 - -113. Let d = 5 - -17. Calculate the greatest common divisor of f and d.
11
Let m be (-3)/(-4) + (-104)/(-32). Suppose d - q - m = -3*q, 0 = 5*d - q - 64. What is the greatest common factor of d and 108?
12
Suppose 4*m + 0*m - 4*o + 64 = 0, -72 = 5*m - 3*o. Let b be (-2)/m - 17/(-6). Let u be (-3)/2*(b + -5). Calculate the highest common divisor of u and 27.
3
Let u = 18 - 5. What is the greatest common divisor of 13 and u?
13
Let n(c) be the second derivative of c**4/12 - c**3/2 - c**2 + c. Let b be n(6). Suppose -b = -0*j - 2*j. Calculate the greatest common factor of 20 and j.
4
Let p(q) = 3*q + 14. Let c be p(6). What is the greatest common divisor of 224 and c?
32
Let s(m) = -m**3 - 3*m**2 - m + 3. Let o be s(-2). Calculate the greatest common factor of 1 and o.
1
Let p(w) = w**3 + 6*w**2 - w - 8. Let h be p(-5). What is the highest common factor of 66 and h?
22
Suppose 17*u - 335 = 141. Let v be 4/6 + 4/(-6). Suppose v = -0*s + s - 70. Calculate the greatest common divisor of u and s.
14
Suppose 5*z = -4*u + 23, 0 = 3*z - 0*u + 4*u - 17. Let h be (-2)/z*(-99)/6. Calculate the highest common factor of 22 and h.
11
Suppose s + 215 = -4*u + 815, 0 = -3*u - 2*s + 450. Calculate the greatest common factor of u and 30.
30
Let a(m) = -2*m - 7. Let y(n) = -n**2 + 2*n + 1. Let p be y(4). Let w be a(p). Calculate the greatest common divisor of w and 63.
7
Suppose -2*p - 4 = 2. Let j(d) = -30*d - 2. Let n be j(p). Let b = 30 - 19. Calculate the highest common divisor of n and b.
11
Let p be (-15 - -17)/(-2 - 48/(-22)). What is the highest common factor of 11 and p?
11
Suppose 0 = g - 5*g + 2*n + 418, -5*n + 5 = 0. Calculate the greatest common factor of 70 and g.
35
Suppose 0 = -9*b - 62 + 377. What is the highest common divisor of 7 and b?
7
Let r = -163 - -277. Let c = 205 - r. Calculate the greatest common factor of c and 13.
13
Suppose -3*v + 4 = -4*w, w - v - 2 = -2*w. Let j(m) = 4*m**2 + m - 2. Let c be j(w). What is the greatest common divisor of 32 and c?
16
Let s(z) be the first derivative of -z**4/4 - 2*z**3 - 9*z**2/2 - 14*z - 2. Let q be s(-6). Calculate the greatest common factor of q and 8.
8
Let u(z) = 2*z**2 + 32*z + 33. Let f be u(-15). Calculate the greatest common factor of 12 and f.
3
Let i = -6 - -17. Suppose 0 = 2*s - 4*b - 40 - 4, -4*s = -5*b - 88. Calculate the highest common factor of i and s.
11
Let x(o) = o**2 + 2*o - 6. Let c be x(4). Calculate the greatest common divisor of c and 126.
18
Suppose 3*f + 16*f - 228 = 0. What is the highest common divisor of f and 24?
12
Suppose 3*g = 2*u - 74, -2*g = -5*u + 2*g + 178. Calculate the highest common divisor of u and 17.
17
Suppose 4*k - 8*k = 0. Let m be (-3 + k)/((-3)/158). Let o = m + -83. Calculate the highest common divisor of 15 and o.
15
Let o(j) = -2*j**3 + j**2 + 5*j + 10. Let s(z) = -z**3 + 2*z + 5. Let c(y) = 4*o(y) - 7*s(y). Let b be c(5). Calculate the greatest common divisor of b and 20.
10
Let y = 5 + 22. Let f = y - 19. Calculate the highest common divisor of f and 64.
8
Let o = -11 - -21. What is the highest common factor of o and 15?
5
Let d(v) = -v + 7. Let s be 970/(-90) - 4/18. Let h be d(s). Let o = 12 - 0. Calculate the greatest common factor of h and o.
6
Suppose 5*w = -0*w + 235. What is the greatest common factor of 423 and w?
47
Let n be (-552)/(-1*4) + -3. Suppose x + c = n, 118 = x - 3*c - 9. What is the greatest common factor of 19 and x?
19
Suppose 8 = -4*p, 3*m = -2*m + 4*p + 208. Calculate the highest common divisor of m and 4.
4
Let b be (2 - 1)*(-94 + 0). Let f = b - -142. What is the greatest common factor of f and 32?
16
Let n(d) = d**2 + 10*d + 10. Let y be n(-9). Calculate the greatest common factor of 9 and y.
1
Suppose w = -3*m - 17 + 168, -393 = -3*w + 3*m. Suppose -2*a - 204 = -3*y + a, 2*y - w = a. Calculate the greatest common divisor of y and 17.
17
Let y(m) = -m - 1. Let b be y(-3). What is the highest common divisor of 2 and b?
2
Let a be (24/(-14))/((-9)/84). Calculate the highest common factor of a and 144.
16
Let p(q) = 30*q**2. Let z be p(1). Calculate the highest common divisor of 30 and z.
30
Let i be 2*(108/(-8))/(-3). Let f = i - 0. What is the greatest common divisor of 36 and f?
9
Let i(g) = -7*g**3 - 2*g**2 - g. Let b be i(-1). Suppose -s = 1 - 3. Let x = s + 4. Calculate the highest common factor of x and b.
6
Suppose 477 = 2*m + 1. Calculate the greatest common factor of 34 and m.
34
Let b be (-2)/(-3) + 692/6. Let g = -17 + b. Calculate the highest common divisor of 11 and g.
11
Let y = -57 + 88. Calculate the highest common divisor of 217 and y.
31
Let o = 32 + -16. What is the highest common divisor of 40 and o?
8
Let l = 24 + -13. Calculate the greatest common divisor of 110 and l.
11
Let v be 2/4 - 9/(-2). Let k(m) = m + 9. Let y be k(6). What is the highest common factor of y and v?
5
Let v(h) = -2*h**3 - 4*h**2 - 3*h - 1. Let o be v(-2). Let f = -3 + o. Let t = 3 - 2. What is the highest common factor of t and f?
1
Let k = 174 + -17. Suppose -3*r - 13 = -k. Calculate the greatest common factor of 12 and r.
12
Let i = 348 - 60. Suppose -29*q - 570 = -1498. Calculate the greatest common divisor of q and i.
32
Let o be 20/(4/(-10)*-1). Suppose w = -5*n + 51, 159 = 5*w - 0*w + n. Let b = w - 21. Calculate the greatest common factor of o and b.
10
Let d be (24/5)/((-3)/(-45)). Let i be (32/6)/(2/d). Let z be (2 - 226/(-10)) + 27/(-45). What is the greatest common divisor 